{"id":182,"date":"2016-03-14T15:49:45","date_gmt":"2016-03-14T13:49:45","guid":{"rendered":"http:\/\/www.terolaine.fi\/?page_id=182"},"modified":"2016-03-14T17:25:59","modified_gmt":"2016-03-14T15:25:59","slug":"konsultointia-ja-koulutusta","status":"publish","type":"page","link":"https:\/\/terolaine.fi\/","title":{"rendered":"Konsultointia ja koulutusta"},"content":{"rendered":"<p>Konsultointi Tero Laine Oy tarjoaa tietotekniikan konsultointi- ja koulutuspalveluita.<\/p>\n<p>Erikoisalaamme ovat Citrixin ja Microsoftin tuotteilla toteutetut virtualisointiratkaisut. Sertifioidut asiantuntijamme osallistuvat suunnitteluun, sek\u00e4 arvioivat asiakasymp\u00e4rist\u00f6jen toteutusta ja toimintaa.<\/p>\n<p>Annamme ideoita ymp\u00e4rist\u00f6n kehitt\u00e4miseen ja tarvittaessa my\u00f6s toteutamme ne.\u00a0 Teemme ohjelmistop\u00e4ivityksi\u00e4 ja tarjoamme tukipalveluita. Voimme my\u00f6s esitell\u00e4 yleisimpien ratkaisujen toimintaa k\u00e4yt\u00e4nn\u00f6ss\u00e4.<\/p>\n<p>Tarvittaessa saatte meilt\u00e4 k\u00e4ytt\u00f6\u00f6nottokoulutusta toteutettuun ymp\u00e4rist\u00f6\u00f6n liittyen. Citrixin auktorisoituja koulutuspalveluita tarjoamme yhteisty\u00f6kumppaneidemme kautta.<\/p>\n","protected":false},"excerpt":{"rendered":"<p>Konsultointi Tero Laine Oy tarjoaa tietotekniikan konsultointi- ja koulutuspalveluita. Erikoisalaamme ovat Citrixin ja Microsoftin tuotteilla toteutetut virtualisointiratkaisut. Sertifioidut asiantuntijamme osallistuvat suunnitteluun, sek\u00e4 arvioivat asiakasymp\u00e4rist\u00f6jen toteutusta ja toimintaa. Annamme ideoita ymp\u00e4rist\u00f6n kehitt\u00e4miseen ja tarvittaessa my\u00f6s toteutamme ne.\u00a0 Teemme ohjelmistop\u00e4ivityksi\u00e4 ja tarjoamme &hellip; <a href=\"https:\/\/terolaine.fi\/\">Continue reading <span class=\"meta-nav\">&rarr;<\/span><\/a><\/p>\n","protected":false},"author":1,"featured_media":0,"parent":0,"menu_order":0,"comment_status":"closed","ping_status":"closed","template":"onecolumn-page.php","meta":{"footnotes":""},"class_list":["post-182","page","type-page","status-publish","hentry"],"_links":{"self":[{"href":"https:\/\/terolaine.fi\/index.php?rest_route=\/wp\/v2\/pages\/182","targetHints":{"allow":["GET"]}}],"collection":[{"href":"https:\/\/terolaine.fi\/index.php?rest_route=\/wp\/v2\/pages"}],"about":[{"href":"https:\/\/terolaine.fi\/index.php?rest_route=\/wp\/v2\/types\/page"}],"author":[{"embeddable":true,"href":"https:\/\/terolaine.fi\/index.php?rest_route=\/wp\/v2\/users\/1"}],"replies":[{"embeddable":true,"href":"https:\/\/terolaine.fi\/index.php?rest_route=%2Fwp%2Fv2%2Fcomments&post=182"}],"version-history":[{"count":7,"href":"https:\/\/terolaine.fi\/index.php?rest_route=\/wp\/v2\/pages\/182\/revisions"}],"predecessor-version":[{"id":200,"href":"https:\/\/terolaine.fi\/index.php?rest_route=\/wp\/v2\/pages\/182\/revisions\/200"}],"wp:attachment":[{"href":"https:\/\/terolaine.fi\/index.php?rest_route=%2Fwp%2Fv2%2Fmedia&parent=182"}],"curies":[{"name":"wp","href":"https:\/\/api.w.org\/{rel}","templated":true}]}}